) = 2*g**2 - 4*g - 13. Let b be v(6). Let u be -2 + 0 - 7/(-1). What is the highest common factor of u and b?
5
Let u = -14 + 10. Let o = 1 + u. Let n(c) = -c. Let y be n(o). Calculate the highest common factor of y and 33.
3
Let v = -53 - -66. What is the greatest common divisor of 91 and v?
13
Let q(c) = 5*c. Let j be q(4). What is the highest common factor of j and 4?
4
Let s(b) = -b + 9. Let m be s(3). Let q be ((-4)/10)/(4/(-240)). What is the greatest common divisor of m and q?
6
Let x = 95 + -57. Suppose x = 5*d - 97. Let k be d/6*(16 - 0). Calculate the highest common factor of 8 and k.
8
Let l = 4 - 1. Let w = 0 + 18. Suppose -l*v + w = -0*v. What is the greatest common factor of 18 and v?
6
Let y(k) = -k**3 - 15*k**2 + 15*k + 5. Let c be y(-16). What is the highest common divisor of c and 21?
21
Let h be (-1 - 3)*(-25)/(-2). Let d = 110 + h. Let z be (-1)/4 + (-122)/(-8). What is the greatest common factor of z and d?
15
Suppose 5*b - 290 - 185 = 0. Calculate the highest common divisor of 38 and b.
19
Let a be 2/(-4) - (-516)/8. Let b = a - 20. What is the greatest common factor of b and 110?
22
Let x be 11/(-22) - (-2)/4. Let f = x + 144. Let l = 18 + 0. What is the greatest common factor of l and f?
18
Let c(m) = -2*m + 10. Let u be c(0). Calculate the highest common divisor of u and 230.
10
Let q(y) = 5*y**2 - 4 - 3*y**2 - 2*y + 7. Let l be q(3). What is the greatest common divisor of l and 10?
5
Let y(p) = -p**2 + 12*p + 19. Let b be y(13). Calculate the greatest common divisor of b and 15.
3
Let o be (2 - 3/2)*26. Let n = -9 + o. Suppose n*v - v - 6 = 0. Calculate the greatest common factor of 6 and v.
2
Let x = -121 - -123. Calculate the highest common divisor of 6 and x.
2
Let w(y) = -4*y - 5. Let t be w(-5). Suppose q - 4*q + 98 = -2*a, -4*a = 16. What is the highest common factor of q and t?
15
Let u be 1 - (-2 - -5) - 0. Let n = u + 1. Let g = n - -17. What is the greatest common factor of 128 and g?
16
Suppose 0 = 7*k - 4*k + 12. Let z be k/8*-32 + -2. What is the highest common factor of 126 and z?
14
Let z be 5 + 4/(-4)*1. What is the highest common divisor of z and 12?
4
Let a be 27 + -2 - (-3)/(-3). Calculate the highest common divisor of a and 60.
12
Suppose 5*a - 3*s - 1870 = 0, -3*s = -3*a + 1621 - 499. Calculate the greatest common factor of 34 and a.
34
Suppose -s - 55 = -2*a, 0 = -3*a - 4*s - 35 + 145. What is the greatest common divisor of 45 and a?
15
Let t(d) be the third derivative of d**5/60 + d**4/4 - 13*d**3/6 + d**2. Let r = 11 + -20. Let j be t(r). Calculate the highest common factor of 14 and j.
14
Suppose 6*w = 1027 + 1835. What is the highest common divisor of w and 53?
53
Let p(j) = -2*j - 11. Let f be p(-8). Calculate the highest common divisor of 20 and f.
5
Suppose -5*s + 4*l + 209 = 0, -l - 141 - 80 = -5*s. Calculate the highest common factor of s and 5.
5
Let g = 92 + -74. What is the highest common divisor of 18 and g?
18
Suppose -3*t - 3*t + 450 = 0. Calculate the greatest common divisor of 25 and t.
25
Suppose 8*i - 3*i = 5. Let p be 6*(i - -1 - -2). What is the greatest common factor of 8 and p?
8
Let z(t) = 32*t**2 + 3*t + 1. Let y be z(-1). What is the highest common divisor of 15 and y?
15
Suppose 2*f + 5*j + 9 = 0, -2*f - j - 2 + 5 = 0. Let l = f - -5. Suppose -59 = -b - 3*q + 4*q, 3*q + 233 = 4*b. What is the highest common divisor of b and l?
8
Suppose 0 = 14*w - 3*w - 528. What is the highest common divisor of w and 3?
3
Let y(i) = -i**2 + 3. Let a be y(4). Let s = 15 + a. Calculate the highest common divisor of 22 and s.
2
Let z(m) = 2*m + 2*m + 3 - 3*m. Let n be z(3). Suppose -p - g = -4*g + 3, 3*g - 57 = -5*p. Calculate the highest common divisor of p and n.
3
Let z = -17 + 7. Let c = z + 24. What is the greatest common factor of 14 and c?
14
Suppose 0*q = -4*p - q + 80, 0 = 5*p - 2*q - 87. Calculate the greatest common factor of p and 19.
19
Suppose 3*l - 40 = 23. Suppose k = -k + 14. What is the highest common divisor of l and k?
7
Let r = -37 - -115. Suppose 4*y = 2 + r. Suppose -f - 4*f + 50 = 2*g, -3*f - 3*g + 30 = 0. Calculate the highest common divisor of y and f.
10
Let g be -3*2*2/(-4). Suppose -g*a - 11 = -4*a. Calculate the greatest common factor of 33 and a.
11
Let d = 28 + 19. Let p = d - 26. Let v = p + -5. Calculate the highest common factor of v and 16.
16
Let w(z) = -z**3 + 2*z**2 + 3*z. Let s be w(3). Suppose s = p + 2 - 6. Let l(x) = -11*x + 1. Let a be l(-1). What is the highest common divisor of p and a?
4
Suppose 3*t - 8 = -5. Let r be (1*4)/(t/3). What is the highest common factor of r and 18?
6
Suppose -2*j - j + 63 = 0. Suppose -206 = -b + 3*c - 29, 3*c = 12. Calculate the highest common factor of b and j.
21
Let d be (-3)/(-2) - (-63)/2. Calculate the greatest common divisor of 33 and d.
33
Suppose -4*y - 173 = -557. Calculate the highest common factor of 24 and y.
24
Suppose -11*f - 110 = -13*f. Calculate the greatest common divisor of 5 and f.
5
Suppose -4*g + 8 = 0, 2*p = -g + 7 + 7. Suppose 8*m = 4*m + 4*c + 112, 4*m - 130 = -5*c. What is the highest common factor of m and p?
6
Suppose 3*f - 17 = -5*u + 4*f, -5*u - f = -23. Calculate the highest common divisor of u and 40.
4
Suppose -5*v + 3*p + 2*p = 30, -6 = 4*v + 2*p. Let d be (-14)/v + (-8)/12. Calculate the highest common factor of d and 10.
2
Let h = -14 - -21. Suppose 2*a + 6 = 2*w, 2 - h = -5*a. Let m = 5 - w. What is the greatest common factor of m and 11?
1
Let h(x) = 34*x - 1. Let a be h(-1). Let g = 49 + a. Calculate the highest common factor of g and 126.
14
Let y be 1*(3 + 3 + -4). Suppose 68 = 4*d - y*k - 262, 2*d - 2*k = 162. What is the greatest common divisor of d and 12?
12
Suppose -145 = -6*k + 527. Calculate the greatest common divisor of 14 and k.
14
Suppose 5*j - 4*m + 16 = -9, j + 16 = 3*m. Let g be ((-2)/(-4))/(j/(-20)). Calculate the greatest common divisor of 90 and g.
10
Suppose 5*f + 9 = -26. Let m = -1 + f. Let s = -3 - m. Calculate the highest common divisor of s and 5.
5
Let f be (1/2)/((-3)/(-216)). Suppose 0 = 3*g - f - 12. Let p = -38 + 40. What is the highest common factor of g and p?
2
Let d(z) = 15*z**3 + z**2 - 3*z + 2. Let m be d(2). Calculate the highest common factor of 80 and m.
40
Let d = -37 + 92. Calculate the highest common factor of d and 22.
11
Let v(p) = -1 - 6 + 0 - 1 + 3*p. Let a be v(7). Calculate the highest common divisor of 91 and a.
13
Let h be ((-4)/(-5))/(4/10). Let d(p) = -4*p**2. Let v be d(1). Let r(l) = l**3 + 3*l**2 - 3*l + 5. Let m be r(v). What is the highest common factor of h and m?
1
Let r(n) = -n**3 + 10*n**2 - 7*n + 3. Let i = -22 - -31. Let f be r(i). Calculate the greatest common factor of 7 and f.
7
Let q be 6*(46/3 - -1). Let z = 27 + -27. Let g = 14 - z. What is the greatest common factor of g and q?
14
Suppose 4*g - 6*g = -32. What is the greatest common divisor of g and 48?
16
Suppose -12 = -3*f + g, -5*f + 4*g - 3 = -30. Suppose 0 = -f*o + 49 + 32. Let m be (1 + 1)/(6/27). Calculate the greatest common factor of o and m.
9
Let s be -3*20/(-15) - -3. What is the greatest common factor of 77 and s?
7
Let m = 0 - -1. Suppose 2 + 18 = 5*x. Suppose 0 = 5*v - 3*g + x, v + v - 14 = -4*g. Calculate the highest common divisor of v and m.
1
Suppose 0 = -3*p + 20 + 10. Suppose -2 = 2*r - p, -2*r = -w + 76. Calculate the highest common factor of w and 14.
14
Let r = -163 + 295. Let t(j) = -12*j. Let w be t(-1). What is the highest common divisor of r and w?
12
Let y be (-9)/(-12)*-2*12. Let m = 42 + y. What is the greatest common divisor of 12 and m?
12
Suppose 0 = 2*d - 5 + 1. Suppose -y + d*y - 84 = 0. Let j = 23 - 9. What is the highest common divisor of y and j?
14
Let h(r) = -r**2 - 13*r + 3. Let l be h(-11). Calculate the highest common factor of 50 and l.
25
Let b be ((-170)/(-25))/(2/(-20)). Let s = -46 - b. Let f = s + -15. Calculate the greatest common factor of f and 1.
1
Let b = 142 - 84. Let i be 77/2 + 2/(-4). Let o = b - i. What is the highest common divisor of o and 5?
5
Let t = 46 + -21. What is the greatest common factor of 175 and t?
25
Let r = 0 - -2. Let u be (-16)/(-88) + 106/22. Calculate the highest common factor of u and r.
1
Let n be (-4 + 2)*2/(-4). Suppose -4*v = c + 1, 5*c - 3*v + 2*v - 16 = 0. What is 